5068 and 653580683.
1267
What is the greatest common divisor of 63474 and 1219638?
426
What is the greatest common divisor of 2021 and 173763?
43
What is the greatest common divisor of 24420 and 39613530?
330
What is the greatest common factor of 743659 and 24143513?
4619
What is the greatest common divisor of 2930 and 294594213?
293
What is the greatest common divisor of 175 and 10686850?
25
What is the highest common factor of 12101640 and 420?
60
Calculate the greatest common factor of 29890 and 38361680.
4270
Calculate the highest common factor of 5141686 and 3740.
22
Calculate the highest common divisor of 832062 and 6699.
231
Calculate the greatest common factor of 17263 and 8877993.
283
What is the highest common divisor of 283 and 15969690?
283
Calculate the greatest common factor of 228460 and 780.
20
Calculate the greatest common divisor of 1246 and 70627463.
89
Calculate the highest common factor of 132784 and 8256.
688
Calculate the greatest common divisor of 1506 and 14381798.
502
Calculate the highest common divisor of 27870895 and 13991.
823
Calculate the greatest common divisor of 2382288 and 324.
12
What is the highest common divisor of 29298 and 14718?
6
Calculate the greatest common factor of 806 and 55836952.
62
Calculate the highest common divisor of 554 and 1075037.
277
What is the highest common divisor of 14462 and 6524?
14
Calculate the highest common divisor of 888 and 303472.
8
What is the greatest common factor of 14787 and 362700?
279
What is the greatest common divisor of 57228 and 2136?
12
What is the greatest common factor of 376 and 8053688?
8
Calculate the highest common factor of 358874 and 42.
2
What is the highest common divisor of 14759383 and 17?
17
Calculate the highest common divisor of 1488178 and 1095.
73
What is the highest common divisor of 11 and 182206981?
11
What is the greatest common divisor of 20220 and 5792356?
1348
Calculate the highest common divisor of 28469 and 2240.
7
What is the highest common factor of 117932 and 27204?
4
What is the greatest common factor of 1069 and 99328273?
1069
Calculate the highest common divisor of 139388 and 1608.
4
What is the greatest common factor of 364 and 4895163?
91
What is the greatest common divisor of 3158447 and 799?
799
What is the greatest common factor of 7074339 and 4233?
249
What is the highest common factor of 1030 and 305248534?
206
Calculate the highest common divisor of 1837569 and 40737.
1101
What is the greatest common factor of 416062 and 342?
38
What is the greatest common divisor of 839685 and 11935?
385
What is the greatest common divisor of 49024593 and 111?
111
What is the highest common factor of 16909696 and 4522?
646
Calculate the greatest common factor of 415651712 and 512.
128
What is the highest common divisor of 168 and 5965022?
14
What is the highest common divisor of 21 and 101687691?
21
Calculate the highest common factor of 17086830 and 60.
30
Calculate the greatest common divisor of 1367948 and 92.
92
What is the greatest common factor of 39852 and 11279223?
1107
What is the highest common factor of 1601 and 1768?
1
What is the highest common divisor of 20 and 29162260?
20
What is the highest common divisor of 60 and 62050800?
60
What is the highest common factor of 103379567 and 131?
131
Calculate the highest common divisor of 1559111 and 1030.
103
Calculate the highest common factor of 18297 and 89315789.
2033
What is the greatest common factor of 66405 and 32680?
95
What is the highest common divisor of 280 and 6709160?
40
What is the greatest common divisor of 186 and 92213778?
186
What is the highest common factor of 92479332 and 156?
12
Calculate the greatest common factor of 324 and 12757662.
162
Calculate the greatest common factor of 5770158 and 1732.
866
What is the highest common divisor of 8576 and 24664?
8
What is the greatest common factor of 134102 and 977533?
3529
Calculate the greatest common divisor of 2134 and 84950272.
2134
What is the greatest common divisor of 167265 and 39921?
21
What is the highest common divisor of 3016300 and 126?
14
What is the highest common divisor of 274 and 6393242?
274
Calculate the highest common divisor of 8115 and 99765.
15
Calculate the highest common divisor of 51777260 and 1165.
1165
What is the greatest common divisor of 162 and 1074515571?
27
What is the highest common divisor of 7907760 and 2268?
756
Calculate the highest common factor of 291684 and 227460.
2676
What is the greatest common factor of 9533927 and 13?
13
What is the highest common factor of 29617538 and 4?
2
Calculate the greatest common divisor of 2643 and 8236469.
881
Calculate the highest common divisor of 66217 and 123797.
2879
What is the highest common factor of 6058 and 126386?
26
Calculate the greatest common divisor of 14574 and 7398.
6
What is the greatest common divisor of 980 and 8347830?
10
What is the greatest common divisor of 84 and 331665144?
12
Calculate the highest common divisor of 18559 and 1223018.
67
Calculate the greatest common factor of 2328065 and 26945.
85
What is the greatest common factor of 106445 and 122?
61
What is the highest common divisor of 11517 and 100064931?
1047
Calculate the greatest common divisor of 1704889 and 96197.
1159
What is the highest common factor of 743798211 and 39?
39
Calculate the greatest common divisor of 24684 and 37125.
33
Calculate the greatest common factor of 456795 and 225.
45
Calculate the greatest common divisor of 6785768 and 20648.
232
What is the highest common factor of 4176 and 476712?
72
Calculate the greatest common divisor of 34545 and 369705.
735
Calculate the greatest common divisor of 31878 and 14094906.
966
Calculate the greatest common divisor of 41390 and 50756557.
4139
What is the greatest common divisor of 238846 and 1711600?
778
What is the highest common factor of 8643300 and 94?
94
What is the highest common factor of 107871 and 175029?
123
What is the greatest common factor of 701795 and 2193655?
485
What is the highest common divisor of 35942256 and 18?
18
Calculate the highest common factor of 4965119 and 170117.
547
What is the highest common factor of 39987486 and 826?
826
Calculate the greatest common factor of 12402 and 4604958.
954
What is the highest common factor of 347114 and 5516?
394
Calculate the greatest common factor of 39994 and 2989.
1
What is the highest common divisor of 620 and 11531310?
10
What is the highest common factor of 146376550 and 550?
50
What is the greatest common divisor of 365 and 3173456?
73
What is the greatest common factor of 1531180 and 20440?
140
Calculate the highest common divisor of 19693 and 71649.
419
Calculate the greatest common factor of 118442094 and 1212.
606
Calculate the greatest common factor of 41095124 and 392.
196
Calculate the greatest common divisor of 52 and 16889864.
4
What is the highest common factor of 408360 and 9116760?
4920
What is the highest common divisor of 455 and 4714325?
35
Calculate the greatest common factor of 5590151 and 1865.
373
Calculate the greatest common factor of 6528 and 3977728.
2176
What is the greatest common factor of 431270 and 260470?
4270
Calculate the highest common divisor of 713001 and 12737.
271
What is the greatest common factor of 606922 and 246010?
146
What is the greatest common divisor of 476406 and 1169469?
1197
Calculate the highest common factor of 187011186 and 5814.
1938
Calculate the highest common factor of 72 and 1014849882.
18
Calculate the greatest common divisor of 16324 and 478027.
11
What is the greatest common divisor of 8 and 83807368?
8
Calculate the greatest common factor of 104 and 10725299.
13
Calculate the greatest common divisor of 75409176 and 2379.
183
What is the highest common divisor of 1974791 and 156?
13
What is the highest common factor of 81 and 413097?
3
What is the highest common factor of 5475 and 379825?
25
What is the greatest common divisor of 4134 and 3165266?
1378
Calculate the greatest common divisor of 1416 and 102780714.
354
What is the greatest common factor of 34830 and 1696608?
774
Calculate the highest common divisor of 278394 and 42.
6
What is the greatest common divisor of 1044 and 32067?
9
What is the highest common divisor of 6712237 and 7?
7
What is the greatest 